62?
2
What is the millions digit of 14393838?
4
What is the units digit of 346994?
4
What is the tens digit of 97857?
5
What is the ten thousands digit of 150158?
5
What is the tens digit of 677066?
6
What is the hundreds digit of 21257333?
3
What is the tens digit of 662287?
8
What is the units digit of 68205?
5
What is the hundreds digit of 7079977?
9
What is the tens digit of 32340?
4
What is the tens digit of 935670?
7
What is the hundreds digit of 134763?
7
What is the hundreds digit of 32305030?
0
What is the hundreds digit of 360070?
0
What is the hundred thousands digit of 3536193?
5
What is the hundreds digit of 4792798?
7
What is the thousands digit of 2162645?
2
What is the millions digit of 2264407?
2
What is the thousands digit of 4596700?
6
What is the millions digit of 1160749?
1
What is the ten thousands digit of 5000490?
0
What is the hundred thousands digit of 3925270?
9
What is the hundreds digit of 1598645?
6
What is the hundred thousands digit of 37056892?
0
What is the millions digit of 6023829?
6
What is the tens digit of 238284?
8
What is the tens digit of 269782?
8
What is the ten thousands digit of 105778?
0
What is the units digit of 9712341?
1
What is the hundred thousands digit of 4700022?
7
What is the millions digit of 2458647?
2
What is the hundreds digit of 160354?
3
What is the hundred thousands digit of 260371?
2
What is the millions digit of 3402799?
3
What is the tens digit of 26017966?
6
What is the thousands digit of 208964?
8
What is the thousands digit of 9862183?
2
What is the thousands digit of 13577621?
7
What is the thousands digit of 415062?
5
What is the hundred thousands digit of 903273?
9
What is the hundred thousands digit of 172260?
1
What is the millions digit of 36949849?
6
What is the hundreds digit of 171200?
2
What is the hundreds digit of 7931147?
1
What is the hundreds digit of 351626?
6
What is the hundreds digit of 7044047?
0
What is the millions digit of 3532106?
3
What is the hundreds digit of 441784?
7
What is the tens digit of 6032062?
6
What is the hundred thousands digit of 1109288?
1
What is the units digit of 2168856?
6
What is the millions digit of 4486588?
4
What is the units digit of 1627490?
0
What is the tens digit of 121645?
4
What is the hundreds digit of 477215?
2
What is the units digit of 227074?
4
What is the hundred thousands digit of 248288?
2
What is the tens digit of 502554?
5
What is the millions digit of 9957369?
9
What is the millions digit of 31929909?
1
What is the units digit of 287524?
4
What is the hundred thousands digit of 2828626?
8
What is the hundred thousands digit of 232432?
2
What is the units digit of 2202620?
0
What is the units digit of 21681347?
7
What is the ten thousands digit of 153254?
5
What is the ten millions digit of 11058225?
1
What is the hundreds digit of 7401?
4
What is the ten thousands digit of 1599003?
9
What is the hundreds digit of 819110?
1
What is the thousands digit of 145858?
5
What is the thousands digit of 760842?
0
What is the tens digit of 3231327?
2
What is the tens digit of 435351?
5
What is the ten thousands digit of 865874?
6
What is the ten thousands digit of 2690847?
9
What is the ten thousands digit of 527106?
2
What is the hundred thousands digit of 173114?
1
What is the hundred thousands digit of 115797?
1
What is the hundreds digit of 1013362?
3
What is the ten thousands digit of 170911?
7
What is the ten thousands digit of 687007?
8
What is the ten thousands digit of 16485973?
8
What is the units digit of 78482?
2
What is the thousands digit of 409051?
9
What is the hundreds digit of 9128439?
4
What is the hundred thousands digit of 5590175?
5
What is the units digit of 19314563?
3
What is the units digit of 9852464?
4
What is the hundreds digit of 225467?
4
What is the hundred thousands digit of 30900189?
9
What is the units digit of 890760?
0
What is the hundreds digit of 9581468?
4
What is the hundred thousands digit of 5207331?
2
What is the hundreds digit of 2099889?
8
What is the thousands digit of 32576814?
6
What is the tens digit of 4764234?
3
What is the thousands digit of 1000816?
0
What is the ten thousands digit of 283046?
8
What is the units digit of 48118?
8
What is the tens digit of 7578427?
2
What is the ten thousands digit of 1615887?
1
What is the ten thousands digit of 344696?
4
What is the units digit of 7663?
3
What is the thousands digit of 473887?
3
What is the units digit of 9680540?
0
What is the hundred thousands digit of 21703987?
7
What is the units digit of 2745937?
7
What is the units digit of 3496990?
0
What is the thousands digit of 671142?
1
What is the units digit of 312304?
4
What is the tens digit of 8346164?
6
What is the hundreds digit of 2969842?
8
What is the ten thousands digit of 7616402?
1
What is the tens digit of 198943?
4
What is the hundreds digit of 424850?
8
What is the thousands digit of 1830995?
0
What is the tens digit of 167690?
9
What is the millions digit of 26084884?
6
What is the ten thousands digit of 554168?
5
What is the units digit of 455943?
3
What is the hundred thousands digit of 1504341?
5
What is the hundreds digit of 3253674?
6
What is the thousands digit of 2833593?
3
What is the millions digit of 1145212?
1
What is the units digit of 23964773?
3
What is the tens digit of 189501?
0
What is the hundred thousands digit of 7042567?
0
What is the hundreds digit of 143240?
2
What is the hundred thousands digit of 144955?
1
What is the tens digit of 834689?
8
What is the ten thousands digit of 610290?
1
What is the ten thousands digit of 5169081?
6
What is the thousands digit of 572573?
2
What is the hundreds digit of 9334833?
8
What is the units digit of 9013335?
5
What is the ten thousands digit of 44092?
4
What is the tens digit of 309215?
1
What is the units digit of 4048071?
1
What is the hundreds digit of 382661?
6
What is the tens digit of 11147771?
7
What is the millions digit of 22646124?
2
What is the tens digit of 457649?
4
What is the millions digit of 7350618?
7
What is the units digit of 5241?
1
What is the millions digit of 1325877?
1
What is the hundred thousands digit of 4584280?
5
What is the ten millions digit of 15254396?
1
What is the tens digit of 298960?
6
What is the hundred thousands digit of 2536376?
5
What is the ten thousands digit of 7333465?
3
What is the hundred thousands digit of 22078700?
0
What is the thousands digit of 115027?
5
What is the hundreds digit of 125196?
1
What is the thousands digit of 3971742?
1
What is the units digit of 1513325?
5
What is the ten thousands digit of 429143?
2
What is the hundred thousands digit of 7378820?
3
What is the hundreds digit of 18767?
7
What is the hundreds digit of 15318400?
4
What is the ten thousands digit of 9741058?
4
What is the thousands digit of 2721010?
1
What is the thousands digit of 1758396?
8
What is the thousands digit of 5534963?
4
What is the units digit of 7347464?
4
What is the hundreds digit of 101086?
0
What is the ten thousands digit of 109309?
0
What is the millions digit of 11564603?
1
What is the units digit of 1515243?
3
What is the hundreds digit of 145938?
9
What is the hundreds digit of 2047664?
6
What is the tens digit of 7961406?
0
What is the thousands digit of 396126?
6
What is the hundreds digit of 184637?
6
What is the ten millions digit of 20668649?
2
What is the hundred thousands digit of 703499?
7
What is the tens digit of 423046?
4
What is the units digit of 870184?
4
What is the hundred thousands digit of 16840556?
8
What is the hundreds digit of 3658874?
8
What is the units digit of 194146?
6
What is the units digit of 245257?
7
What is the ten thousands digit of 1207742?
0
What is the hundred thousands digit of 3471326?
4
What is the ten thousands digit of 110827?
1
What is the hundred thousands digit of 1702791?
7
What is the hundred thousands digit of 6596564?
5
What is the units digit of 875161?
1
What is the thousands digit of 10868581?
8
What is the ten thousands digit of 134704?
3
What is the hundred thousands digit of 16230858?
2
What is the thousands digit of 174663?
4
What is the ten thousands digit of 101506?
0
What is the thousands digit of 86174?
6
What is the hundreds digit of 26751?
7
What is the millions digit